 the remainder when 207713 is divided by 1049.
11
What is the remainder when 40634 is divided by 308?
286
Calculate the remainder when 470138 is divided by 15671.
8
Calculate the remainder when 6471 is divided by 637.
101
What is the remainder when 5560 is divided by 1317?
292
What is the remainder when 24771 is divided by 186?
33
What is the remainder when 229031 is divided by 76341?
8
What is the remainder when 6427 is divided by 21?
1
What is the remainder when 21143 is divided by 3019?
10
What is the remainder when 94788 is divided by 85?
13
Calculate the remainder when 20651 is divided by 207.
158
What is the remainder when 44818 is divided by 14818?
364
What is the remainder when 137948 is divided by 24?
20
Calculate the remainder when 150537 is divided by 30.
27
Calculate the remainder when 1064454 is divided by 117.
105
Calculate the remainder when 21268 is divided by 9.
1
Calculate the remainder when 4070 is divided by 1821.
428
Calculate the remainder when 2050325 is divided by 328.
325
Calculate the remainder when 20557 is divided by 1144.
1109
Calculate the remainder when 66046 is divided by 33.
13
What is the remainder when 3839 is divided by 275?
264
What is the remainder when 44616 is divided by 14?
12
Calculate the remainder when 9370 is divided by 373.
45
What is the remainder when 29323 is divided by 2643?
250
What is the remainder when 3295 is divided by 1618?
59
Calculate the remainder when 12868 is divided by 2486.
438
What is the remainder when 5668 is divided by 1851?
115
Calculate the remainder when 2304819 is divided by 21.
6
Calculate the remainder when 5523 is divided by 858.
375
What is the remainder when 172186 is divided by 18?
16
Calculate the remainder when 8015 is divided by 75.
65
Calculate the remainder when 3828 is divided by 1392.
1044
Calculate the remainder when 957442 is divided by 265.
262
Calculate the remainder when 4586 is divided by 202.
142
Calculate the remainder when 73922 is divided by 24.
2
What is the remainder when 1164 is divided by 327?
183
Calculate the remainder when 309581 is divided by 15479.
1
What is the remainder when 2775 is divided by 21?
3
What is the remainder when 11721 is divided by 5843?
35
What is the remainder when 21314 is divided by 4262?
4
What is the remainder when 30540 is divided by 2348?
16
Calculate the remainder when 19618 is divided by 93.
88
What is the remainder when 3482 is divided by 74?
4
Calculate the remainder when 3410 is divided by 3229.
181
What is the remainder when 67456 is divided by 6?
4
What is the remainder when 53677 is divided by 78?
13
What is the remainder when 14211 is divided by 17?
16
What is the remainder when 638059 is divided by 432?
427
Calculate the remainder when 1437 is divided by 750.
687
What is the remainder when 31276 is divided by 5?
1
Calculate the remainder when 200757 is divided by 79.
18
What is the remainder when 6821 is divided by 764?
709
Calculate the remainder when 593882 is divided by 205.
202
Calculate the remainder when 120836 is divided by 152.
148
What is the remainder when 3015 is divided by 58?
57
Calculate the remainder when 1531402 is divided by 17.
8
What is the remainder when 11219 is divided by 261?
257
Calculate the remainder when 93171 is divided by 293.
290
What is the remainder when 1447 is divided by 1356?
91
What is the remainder when 307355 is divided by 153664?
27
What is the remainder when 167546 is divided by 234?
2
What is the remainder when 282904 is divided by 9?
7
Calculate the remainder when 53903 is divided by 17.
13
What is the remainder when 24673 is divided by 126?
103
What is the remainder when 3875 is divided by 1742?
391
Calculate the remainder when 769 is divided by 735.
34
What is the remainder when 481 is divided by 395?
86
Calculate the remainder when 31455 is divided by 1574.
1549
What is the remainder when 236072 is divided by 106?
10
What is the remainder when 1039952 is divided by 1097?
1093
What is the remainder when 12306 is divided by 375?
306
What is the remainder when 812 is divided by 136?
132
What is the remainder when 22249 is divided by 50?
49
Calculate the remainder when 80100 is divided by 197.
118
What is the remainder when 1216 is divided by 258?
184
What is the remainder when 1998 is divided by 167?
161
Calculate the remainder when 26369 is divided by 6572.
81
What is the remainder when 297838 is divided by 4?
2
What is the remainder when 881 is divided by 433?
15
What is the remainder when 1434258 is divided by 20?
18
What is the remainder when 1461 is divided by 227?
99
What is the remainder when 36027 is divided by 5995?
57
What is the remainder when 2178 is divided by 145?
3
Calculate the remainder when 10749 is divided by 1104.
813
What is the remainder when 559 is divided by 251?
57
What is the remainder when 13980 is divided by 776?
12
Calculate the remainder when 5949 is divided by 985.
39
What is the remainder when 51610 is divided by 138?
136
Calculate the remainder when 2051 is divided by 665.
56
Calculate the remainder when 110 is divided by 37.
36
What is the remainder when 65469 is divided by 20?
9
What is the remainder when 1124 is divided by 295?
239
What is the remainder when 66859 is divided by 46?
21
What is the remainder when 17099 is divided by 475?
474
What is the remainder when 94378 is divided by 441?
4
What is the remainder when 157328 is divided by 228?
8
Calculate the remainder when 30522 is divided by 36.
30
Calculate the remainder when 880 is divided by 132.
88
Calculate the remainder when 5194 is divided by 2531.
132
What is the remainder when 2737 is divided by 95?
77
Calculate the remainder when 109785 is divided by 109762.
23
Calculate the remainder when 268476 is divided by 67112.
28
Calculate the remainder when 655 is divided by 602.
53
Calculate the remainder when 4730 is divided by 1496.
242
What is the remainder when 200160 is divided by 50?
10
Calculate the remainder when 5787 is divided by 282.
147
What is the remainder when 8367 is divided by 181?
41
Calculate the remainder when 15548 is divided by 191.
77
Calculate the remainder when 250670 is divided by 112.
14
Calculate the remainder when 3635 is divided by 63.
44
Calculate the remainder when 4913 is divided by 1631.
20
What is the remainder when 1190 is divided by 89?
33
Calculate the remainder when 467226 is divided by 186.
180
What is the remainder when 8341 is divided by 107?
102
What is the remainder when 8754 is divided by 1452?
42
Calculate the remainder when 674 is divided by 181.
131
Calculate the remainder when 2835 is divided by 391.
98
Calculate the remainder when 3562712 is divided by 99.
98
Calculate the remainder when 2245 is divided by 938.
369
Calculate the remainder when 292 is divided by 215.
77
Calculate the remainder when 63099 is divided by 223.
213
Calculate the remainder when 5046325 is divided by 1358.
1355
Calculate the remainder when 981 is divided by 981.
0
Calculate the remainder when 1246 is divided by 926.
320
Calculate the remainder when 17105 is divided by 46.
39
Calculate the remainder when 208360 is divided by 1063.
12
Calculate the remainder when 500 is divided by 256.
244
What is the remainder when 505 is divided by 192?
121
Calculate the remainder when 6979 is divided by 348.
19
What is the remainder when 37083 is divided by 16?
11
Calculate the remainder when 48374 is divided by 1613.
1597
What is the remainder when 57302 is divided by 688?
198
What is the remainder when 19701 is divided by 730?
721
What is the remainder when 6067 is divided by 132?
127
What is the remainder when 1514467 is divided by 67?
66
Calculate the remainder when 13852 is divided by 5.
2
What is the remainder when 13749 is divided by 56?
29
Calculate the remainder when 29545 is divided by 5.
0
Calculate the remainder when 118395 is divided by 118391.
4
What is the remainder when 956454 is divided by 159409?
0
What is the remainder when 129 is divided by 128?
1
What is the remainder when 272474 is divided by 315?
314
What is the remainder when 8444 is divided by 79?
70
What is the remainder when 7488 is divided by 432?
144
What is the remainder when 74330 is divided by 28?
18
Calculate the remainder when 20894 is divided by 5168.
222
What is the remainder wh